rmine l(g).
-1
Let w(h) = -5*h**2 - 8*h + 3. Suppose 0*a - 2*i = -5*a + 7, 4*a = 3*i. Let f = 2 - a. Let k(m) = m**2. Let t(v) = f*w(v) - 4*k(v). Calculate t(-8).
-3
Let o(c) = -c**3 + 4*c**2 + 5*c - 1. Let b be 9042/88 - 1/(-4). Let h = -99 + b. Determine o(h).
19
Let v(w) = 5*w**2 - 14*w + 4. Suppose -20*s + 10*s - 40 = 0. Let q(r) = -14*r**2 + 41*r - 13. Let o(p) = s*q(p) - 11*v(p). Calculate o(6).
-16
Let c(x) = x**3 + 2*x**2 - 4. Suppose -3*y - 4*p - 6 = 0, y = -0*y + 2*p - 2. Let d be c(y). Let n(z) = 5*z - 6 + 1 - 3*z + 1. Determine n(d).
-12
Suppose -72*o - 1212 = 29*o. Let c(q) = q**2 + 11*q + 5. What is c(o)?
17
Let l(q) be the third derivative of -5*q**4/24 - 2*q**2 - 2285*q. Suppose 5 = 5*j, j = k + 2*j - 2. Suppose -2*r = 2*d + 12, k - 5 = d. What is l(r)?
10
Let j(k) = -2*k + 14. Let h(d) = -2*d**3 + 31*d**2 - 5*d - 155. Let s be h(15). Calculate j(s).
24
Let g be 595/56 - (38/(-16) - (15 + -17)). Let r(p) = -4*p - 11. Let f(v) = 3*v + 12. Let x(i) = -5*f(i) - 4*r(i). Determine x(g).
-5
Let b(y) = -y**3 + 5*y**2 - 2*y - 3. Let i(r) = 50*r**3 + r**2 + 3*r + 1. Let m be i(-1). Let s = -58 + 3. Let u = m - s. What is b(u)?
5
Suppose 0 = -23*h - 495 + 495. Let f(u) = 18*u - 6. Determine f(h).
-6
Let w(l) = l + 7*l**2 - 6*l**2 + 13*l**2. Let t be ((-7)/42)/((-9)/(-54)). Give w(t).
13
Let g(h) be the first derivative of -286 - 1/4*h**4 - 4*h**3 + 22*h - 9/2*h**2. Calculate g(-11).
0
Let k be 2/6 + 0 - (-5)/3. Suppose -7 - 1 = -k*d. Suppose 13 = x + 2*x - 5*l, 0 = 3*x - d*l - 8. Let s(o) = -4*o. Calculate s(x).
16
Let s = -48 + 54. Let i(a) = -10*a**3 - 4*a**3 - 8*a**3 - 6*a**2 - 5 + 6*a + 3 + 23*a**3. What is i(s)?
34
Let x(m) = 4*m - 14. Let h(a) = 7*a - 23. Let z(l) = 5*h(l) - 8*x(l). Let g be (-1)/((-10)/8)*5. Suppose g = 4*k - 4. Determine z(k).
3
Suppose 5*b - 275 = -0*b. Let c(j) = -4*j - b - 57 + 115. Let i = -9 - -15. Calculate c(i).
-21
Suppose -b - 29 + 30 = 0. Let o be b/(-2) + 294/12. Let h(p) = -12*p**2 - o + 10 + 14. Give h(1).
-12
Let q(n) = 11*n - 59. Let p be 36/(-84) + (-2)/14*-87 + -8. Give q(p).
-15
Let f(j) = 9*j - 2. Let x(a) = 28*a - 7. Let l(u) = 7*f(u) - 2*x(u). Suppose -14 = 5*r - 4. Determine l(r).
-14
Let m(x) = x**3 - 10*x**2 + 12*x - 4. Let y(c) = -31*c + 256. Let v be y(8). Determine m(v).
-36
Suppose -6*o - 59 = -77. Suppose -4*q - 3*z - o = 12, 3*q + 3*z + 15 = 0. Let u(g) = g**2 + 95*g - 95*g. What is u(q)?
0
Let o(n) = -n + 38. Let l(i) = i**3 - 26*i**2 + 160*i + 92. Let q be l(15). Calculate o(q).
21
Let z(i) = -587 + i + 1152 - 567. Give z(9).
7
Let i(b) = 28*b**2 - 45*b + 100. Let y(w) = 9*w**2 - 15*w + 33. Let h(j) = 8*i(j) - 25*y(j). Calculate h(12).
11
Let x(s) = -54 - 2*s + 10 + 19 + 19. Let k(n) = 4*n + 7. Let g be k(-6). Let q be (-8)/(-32) - g/(-4). Give x(q).
2
Let k(p) be the third derivative of -p**5/60 - p**4/6 - 2*p**2. Suppose -26*m - 1 = 25. Let a be (-4 + -3 - -5) + m. Give k(a).
3
Let q be 70/(-6) - (-394)/591. Let b(k) = k**2 + 11*k - 2. Calculate b(q).
-2
Let b(f) = 5*f**3 + 14*f**2 + 15*f + 44. Let n(y) = 18*y**3 + 40*y**2 + 44*y + 133. Let c(h) = 7*b(h) - 2*n(h). Calculate c(19).
4
Suppose -b - 5*w - 5 = b, 4*w = -2*b - 8. Let f(z) be the second derivative of -z**3/2 - 4*z**2 + 642*z - 1. Calculate f(b).
22
Let p(x) be the first derivative of -1/4*x**4 - x**2 + 2*x - 2/3*x**3 + 3. Let d = -2937 - -2939. Determine p(d).
-18
Let s(i) = 20*i**3 + 18*i**2 - 14*i - 83. Let h(d) = -9*d**3 - 9*d**2 + 6*d + 42. Let x(u) = 9*h(u) + 4*s(u). What is x(-8)?
-2
Let o(n) = -2*n**2 - 2. Let s be (-2)/(-1*(-12)/(-54)). Suppose -11*f = s + 13. What is o(f)?
-10
Suppose f = 3*f + 12. Let o(p) be the third derivative of 1/120*p**6 + 0*p + 0 - 1/6*p**3 - 7/24*p**4 - 5*p**2 + 1/12*p**5. Calculate o(f).
5
Let j be (2 + (-72)/16)*48/(-180). Let h(f) be the third derivative of 1/15*f**5 - 14*f**2 - 1/8*f**4 + 1/120*f**6 + 0*f + j*f**3 + 0. Determine h(-5).
-6
Let u(l) = 25363*l - 126816. Let k be u(5). Let d(r) be the first derivative of 6*r**2 - r + 0*r - 1 + 2. Calculate d(k).
-13
Let t(u) = 5 - 15*u - 22*u - 21*u + 47*u. Give t(2).
-17
Let w(a) = 16*a + 12*a + 15*a - 40*a. Let z(v) = 9*v + 2. Let j(u) = 2*w(u) - z(u). Determine j(-3).
7
Let r(f) be the third derivative of f**6/120 - 2*f**5/15 - 9*f**4/8 - f**3/2 - 2*f**2 + 308*f - 4. Calculate r(11).
63
Let q(r) be the second derivative of -r**3 - 21*r**2/2 - 112*r. What is q(-17)?
81
Let w = -6 - -12. Let u be ((-18)/(-15))/((-8)/(-20)). Let z(x) = -4*x**2 - x**2 + 3*x + 5 + x**u - 11*x. Determine z(w).
-7
Suppose 3*o = -o + 5*h + 36, 3*h = -5*o + 8. Let z(x) = x**2 - 6*x + 9. Give z(o).
1
Let q(n) be the second derivative of 5*n**3/6 + 99*n**2 - 2*n + 592. Give q(-41).
-7
Let m(j) = -j**2 + 21*j - 29. Let z(i) = -215*i - 12663. Let y be z(-59). Calculate m(y).
-51
Let d(q) = 49*q - 1070. Let a be d(22). Let m(r) = -r**2 + 7*r - 5. Give m(a).
-13
Let a(j) = 23*j + 71. Let t(l) = -27*l - 68. Let s(y) = -8*a(y) - 7*t(y). What is s(18)?
-2
Let k(r) be the third derivative of -r**5/60 - 5*r**4/24 + 87*r**2. Let i be k(-5). Let n(q) = q**3 - 9. Determine n(i).
-9
Let o(n) = -29*n - 58. Let s(w) = 8*w + 19. Let k(h) = 2*o(h) + 7*s(h). What is k(2)?
13
Let c(q) = 2*q**2 - 16*q + 24. Suppose 180*t - 213*t = -165. Determine c(t).
-6
Suppose -2*x - 16 = -4*n, 17*n - 5*x - 5 = 14*n. Let m be (23 - 28)*(-2)/n. Let y(a) = a**2 - 5*a + 2. Calculate y(m).
-4
Suppose 13*y + 8*y - 187 = -775. Let q(o) = o**3 + 28*o**2 - 3*o - 93. What is q(y)?
-9
Let u(j) = -j**3 + 6*j**2 - 5*j - 7. Suppose h + 4*l - 2*l + 46 = 0, -h = -4*l + 40. Let v = -17 - h. Let y = 32 - v. What is u(y)?
-7
Let z be 46 - -5 - (-12)/2. Let l(w) = -115*w**3 + 57*w**3 - 1 - 4*w + 6*w**2 + z*w**3. Let y(t) = 4*t - 3. Let h be y(2). What is l(h)?
4
Let w(m) = -m**3 + 7*m**2 - 6*m - 1. Let h = -810 + 816. Give w(h).
-1
Let p(d) = -4*d**3 + d**3 + 4*d**3 + 4*d**2 - 6*d - 2. Let x be 4/(-6)*(-135)/(-10). Let j be (-24)/x*(-48)/32. Determine p(j).
22
Suppose 0 = 681*r - 671*r. Let w(a) = -a**2 + 10*a - 19. What is w(r)?
-19
Let c(g) = -9*g - 2. Let b(p) = p**2 - 5*p - 271. Let z be b(-14). Let o(i) = 9*i + 2. Let n(k) = z*o(k) - 6*c(k). Give n(-2).
-16
Let q(f) be the third derivative of f**7/2520 + 7*f**6/360 + f**5/15 - 5*f**4/4 + f**3/2 - 17*f**2. Let s(o) be the second derivative of q(o). Calculate s(-8).
-40
Let c(d) be the first derivative of -19*d**2/2 - 77*d - 3636. Calculate c(-4).
-1
Let c(q) = q**2 + 11*q. Let j(h) = -h**3 + 12*h**2 - 48*h + 1051. Let y be j(14). Determine c(y).
26
Let v(y) = 2*y**2 + y + 12. Let j(p) = -20*p + 1926. Let n be j(96). Give v(n).
90
Let x(z) be the third derivative of 0*z - 1/60*z**5 + 6*z**2 + 1/3*z**3 - 5/24*z**4 + 0. Let r = -154 - -148. Determine x(r).
-4
Let z be (-5 - 65/(-5)) + 5. Suppose z = -3*i + p - 13, -3*i = p + 16. Let b(c) = -c**2 - 6*c + 8. Determine b(i).
1
Let n = 108 - 59. Suppose -139 = -4*k + 3*x + n, k = x + 48. Suppose 5*z + 24 = k. Let j(o) = -o**2 + 3*o - 2. Give j(z).
-6
Let u(g) = -309*g**2 - 4 + 618*g**2 + 2 + g - 310*g**2 - 3*g. Suppose 2*o + o + 2*b = -19, -3*o - 5*b = 34. Give u(o).
-5
Suppose 0 = -2*q - a + 2, 2*q - 8 = -2*q - a. Let x(t) = -37*t + 37*t + q*t + t**2 + 3. Calculate x(-2).
1
Let c(v) = 3*v - 9. Let f be c(-1). Let j be ((-594)/(-12))/11*f/9. Let a(w) be the third derivative of w**4/12 - w**3/3 + w**2. Determine a(j).
-14
Let m(w) = 7*w**3 + 1. Suppose -3*q = -3 - 6, -2*v + 89 = -5*q. Let j be 44/(-6)*13/(v/(-24)). Let t = 45 - j. Give m(t).
8
Let r(t) = -t - 7. Let f(l) = 7*l + 39 + 8 + 39 + 15. Let b be f(-15). Determine r(b).
-3
Let y(k) be the second derivative of 2*k**3 + 247*k**2/2 - 108*k. Calculate y(-20).
7
Let r(f) = 49*f - 2. Suppose 485*h + 20 = 487*h - 4*x, 0 = 5*x + 25. Give r(h).
-2
Let v(j) = -3*j**3 + 36*j**2 + 4*j - 10. Let q(y) = y**3 - 8*y**2 - y + 1. Let u(l) = -4*q(l) - v(l). Determine u(-2).
-2
Let b(i) = 3*i**3 + 6*i**2 - i - 25. Let z(v) = -20*v**3 - 35*v**2 + 7*v + 149. Let r(q) = -13*b(q) - 2*z(q). Determine r(5).
-53
Let x = 3 - -1. Let k = 30 - 24. Let j(i) = -6 - k + 13 - 35*i + 34*i. Calculate j(x).
-3
Let q(r) = 4*r - 14*r - 5*r - r**2 - 19. Suppose 0 = -i + 2*v - 11, -4146*i + 4144*i = 2*v + 34. Calculate q(i).
-19
Let t(g) be the second derivative of g**5/30 + g**4/12 - 40*g**3